6)?
40
(6 - (-4 - 3 - -9)) + -14 + (1 - 15)
-24
0 + -43 + 10 + 52
19
Calculate -16 - ((-20 - -23) + -10) - -27.
18
What is (-3 - (1 - -8)) + (-32 - (-36 + 3))?
-11
Calculate 49 - (96 - (-29 + 9)).
-67
Evaluate (1 - 2 - -3) + -610 + 611 - 4.
-1
25 + -4 + 12 + -54 + -22
-43
Calculate -2 - (1 + -6) - (-2 + 0 + -9).
14
12129 + -12058 - (16 - 1)
56
Evaluate 4 + (-22 - -34 - -4) + -29 - -49.
40
Evaluate 60 + (-12 - -13) - 11 - (8 + 1).
41
What is the value of -15 - (31 + (-83 - -26))?
11
What is the value of -132 + 73 - -64 - 24?
-19
Evaluate 1 + (13 - (5 + 6)) + -21.
-18
-7 + 72 - (-1719 + 1787)
-3
Calculate -6 - -3 - (-1 - -4) - (86 - -34 - 176).
50
Evaluate -129 + (6 - (5 + (-1 - 13) - -2) - 4).
-120
62 + (-151 - (-159 + 15))
55
Calculate -316 + 394 + -12 + 0.
66
Evaluate -38 + (5 + 0 - (18 - 4)) + (-35 - -40).
-42
What is the value of -25 + 26 + -1 + (9 - 1) + (-57 - -56)?
7
14 + -57 - (3 - (24 + 1))
-21
What is the value of (-42 - -100) + (18 - -43)?
119
Evaluate 85 + 12 + (26 - 18 - 35).
70
Evaluate 192 + -178 + 0 + -1 + 3 + -4 + -7.
5
What is -14 + 12 + (22 + 0 + -15 - -12)?
17
Calculate -1 - ((97 - 112) + (-95 - -1) + 12 + 2).
94
Evaluate -9 + (5 - (-1 - 2)) + (24 - (88 - 17)).
-48
-1 - ((-3 - (5 - -23)) + (-88 - -81))
37
Calculate (60 - 2) + -405 + 389.
42
What is -18 - (-10 - -18 - (-18 - -19)) - 15?
-40
Calculate 17 + 5 + -5 + (7 - 15) + 32 + 3.
44
What is the value of -76 + 26 + -8 + (83 - 100)?
-75
Evaluate 10 - (-1 + 0) - (-53 - (13 - (13 + 24))).
40
Evaluate (-4 + 9 - (-27 - -32)) + -2 - 3.
-5
38 + (-17 - -6 - ((1 - 21) + 14))
33
What is 16 - (-1 + -23 - (626 + -668))?
-2
Calculate -133 - (-218 + 55 + 99).
-69
Calculate -178 + 230 - (65 - 1).
-12
What is 248 - 104 - 360 - -152?
-64
What is 1 + (-6 - (-9 - -35)) + -19 + 27 + -6?
-29
Evaluate (-32 - -4) + (64 - (-32 + 97)).
-29
Evaluate 5 - (32 + -13 + 0 + (4 - 3)).
-15
380 + -376 + (-1 + (-73 - 0) - -4)
-66
What is the value of 27 - ((-19 - (18 - 12)) + 16)?
36
-31 + -5 + 2 + 4 + 11
-19
What is 6 + 3 - (-1 + 2 + 97 + -111)?
22
-45 + (26 - (18 + -25)) + (-49 - 0)
-61
(26 - (1 + (-10 - (-5 - -8)))) + -5
33
Calculate 31 - (8 + 18 + -18 - -12).
11
Evaluate -23 + 20 + 5 + 1 + -4 + 5 + 71.
75
-54 - ((4 + 0 - (-33 - -43)) + 6 + 9)
-63
(13 - -27) + -11 + 10 + 1 - (6 - -2)
32
Evaluate (-99 - -212) + -218 - -168.
63
18 + (-50 - (59 - 52))
-39
Evaluate (-2 - 20 - 25) + 33.
-14
-175 + (15 + 149 - 83)
-94
What is -21 - ((-63 - -16 - -39) + 19 + -2)?
-30
Evaluate 13 - ((7 - -65) + -7 - 15) - (3 - 0).
-40
What is the value of 15 + -30 + (15 - 9) + 42?
33
What is the value of (2 - 17) + (-355 - -357)?
-13
What is the value of -1 + 43 + (-104 - -56)?
-6
What is the value of -85 + (7 - -57) + (3 - 0)?
-18
0 - -1 - 16 - (39 - (38 + -55))
-71
Evaluate (0 - 3) + 3 + (3 - -42).
45
-65 + 103 + (2 - 39) + (-13 - 2)
-14
Calculate -19 + -16 - 16 - (7 + -1) - -1.
-56
What is the value of 137 + -418 + 187 - (8 + -2 + 3)?
-103
53 - 46 - 127 - -180
60
Evaluate 2 + (-11 - -8 - -10) + -20 + 42.
31
What is the value of 3 + -2 - (19 - (32 + -3))?
11
What is -19 - (1 - 0 - 1) - (9652 + -9595)?
-76
Evaluate (4 - (16 + 19)) + -1 + 4.
-28
What is the value of -197 - -100 - -20 - (-9 + -14)?
-54
What is (11 - 7) + (4 - 68) - 17?
-77
Calculate 44 + -62 - 4 - (-18 - 1).
-3
What is the value of 14 + -1 - (68 + -145 + 80)?
10
Calculate 50 + -103 + 96 - (7 + -2 - -3).
35
What is the value of (12 + 6 - (-3 - 3 - -47)) + -1 + -8?
-32
Evaluate 10 - 162 - -52 - (0 + -20).
-80
Calculate 24 - ((66 - 29 - 18) + (-20 - -8)).
17
-42 + 20 - (-2 + -4 + -13)
-3
Evaluate (-14 - (-33 + 13 + 2)) + -3 + -47 + -6.
-52
What is -44 + 39 + -34 - -12?
-27
Evaluate -2 + (-20 - -1) + 45.
24
-11 + 14 + 2 - (9 + 47 + -5 - 10)
-36
Calculate (-37 + 7 - (-12 + 14 + -1)) + -4.
-35
-8 - (50 + (-46 - -31))
-43
What is the value of (64 - 2) + (-184 + 26 - -142)?
46
-248 + 99 - (3 - 14) - -33
-105
Evaluate -77 + 2 + 0 + -2047 + 2058.
-64
-9 + 32 + 63 + -38
48
(-1 - -20) + 16 + -17
18
Calculate 3 + -8 + -2324 + 2273.
-56
Calculate 47 + 3 + -7 - (4 + -2 + (2 - -1)).
38
Evaluate (-50 - -50) + (-24 - -11 - -38).
25
(-12 - (-2 - (-9 + -11 + 7 + 20))) + -74
-77
Evaluate 12 + (103 - (214 + -105)).
6
What is the value of 94 + -109 + -12 + -100?
-127
Evaluate 13 - (-8 - ((-9 - -3) + -47)).
-32
Evaluate -11 + -43 + -2 + (-3 - -17 - 28).
-70
Calculate 6 + -23 + 38 + -24 + 8.
5
What is (2 - (-3 + 3)) + 3 + (189 - (-55 - -116))?
133
What is 3 - -85 - (-27 - (-4 - -5) - -7)?
109
What is the value of -56 - (45 + -103) - (-8 - -3 - 4)?
11
Evaluate -82 + -1 + (-13 - -11) - (-6 + 2) - 0.
-81
What is 65 - 1 - (14 - -60)?
-10
What is the value of (96 - 91 - 27) + 53 + 1?
32
Evaluate 80 - (4 - ((-4 + 14 - 28) + (-4 - -14))).
68
What is (24 - 6 - (-4 + 10)) + (-22 - 12)?
-22
Evaluate (-5 + (-3 - (4 - -2)) - (2 - 12)) + 6.
2
Calculate 5 + -78 + 13 + -52.
-112
-3 - (11 - 2) - (8 - 3 - 4)
-13
What is the value of -2 + -1 - ((-1 - -25) + 1351 + -1382)?
4
Calculate 27 - (-21 + (17 - 41) + 34).
38
What is -45 - ((-55 - -47) + -46)?
9
Evaluate 28 + 1 + (1505 - 1556) + 2 + -67.
-87
Evaluate (-1 - 32 - (-1135 + 1115)) + (103 - (-3 + 1)).
92
What is -47 + (-109 - 15 - -101)?
-70
What is the value of 67 + (-62 - 29) - ((1 - -1 - -3) + 3)?
-32
Calculate (1 + -1 - (-1 + -5)) + (-14 - -117) + -22.
87
Calculate 0 + -97 + (-782 - -963).
84
What is the value of (-25 - (-57 - -27)) + 5?
10
Evaluate 3 + 6 + (-1 - 46) - (83 - 87).
-34
Evaluate (95 - 96) + (1 - 3) + -2 + -19 + 11.
-13
What is -5 - -17 - (14 + (-7 - -3 - 9 - 28))?
39
Calculate (-2 - 4) + 5414 + -5481.
-73
-56 - ((38 - (103 + -61)) + -1 + -4)
-47
What is the value of 2 - (19 + -6 + -25)?
14
19 + -7 + 7 + (16 - 21) + (3 - 0)
17
What is 141 + -59 + -207 - -77?
-48
Calculate -1142 + 1099 + (-9 - 0).
-52
What is -1 + (46 - 29) + -9?
7
Evaluate -4 + (-12 + 15 - -21) - -15.
35
What is -13 - (-2 + -22 - -25) - (2 - -23)?
-39
Evaluate -4 + 4 - (-15 - (-28 - 20 - -16)).
-17
Calculate (8 - -39 - 50) + -39.
-42
What is (22 - 79) + -15 + 20 + -4?
-56
8 + (-9 - (60 - ((-5 - 2) + 11)))
-57
-35 + (34 - (19 + -61))
41
Evaluate -79 - (-92 - (-66 - -98)).
45
Evaluate 10 + (-6 - -5) + -7 + (-30 - -41).
13
Calculate (-13 - 30) + (47 - (66 - 36)).
-26
Calculate -5625 + 5615 + (1 - -51).
42
What is 111 + -43 + 4 - 158?
-86
-9 + (6 + -18 - (-15 + 7 + -5))
-8
11 + -55 + -8 + 1 + 186 + -174 + -11
-50
What is (3538 - 3517) + 1 + 55?
77
What is -14 + (-56 - -83) - (1 + 22)?
-10
What is 0 - 29 - (-33 - (137 - 70))?
71
Evaluate 7 + (-31 - (-23 + -35)) + -25.
9
(8 - ((-266 - -247) + 32 + 1)) + 65
59
Calculate (5 - (40 + -22)) + (-3 - (37 + 3)).
-56
(-9 - 6 - -13) + 5 + 9 + -124 + 8
-104
What is the value of 59 + (17 + -18 - (-4 - -1) - (-26 - -35))?
52
Evaluate (24 - (-20 + -62)) + -76.
30
Evaluate -32 - (-39 + (42 - 22)) - (-2 - (2 + -53)).
-62
62 + -2 - ((-24 - -45) + -27 + 17)
49
Evaluate 2 - (-6 - (-12 + 30)) - -5.
31
What is the value of -701 + 706 + (30 - 0)?
35
What is the value of -2 + 16 + -38 + -34?
-58
Evaluate 9 - 137 - (-100 - (60 - 117)).
-85
What is the value of 19 - ((1 - -82) + (-917 - -914))?
-61
What is 47 - -70 - (12 - 30 - -6)?
129
Calculate -37 + 23 - (-7 + 7 + -5 + 2 - 0).
-11
What is (-6 + (14 - 20) + 31 - 0) + -91?
-72
Calculate -2 - -2 - -12 - (-99 - (-41 + 1 + 57)).
128
Evaluate -16 - (-36 - (-10 + 3 - (64 + -71))).
20
Calculate -35 - 91 - (-135 - -67).
-58
What is -27 - (-32 + 32 + 5)?
-32
What is the value of (12 - 5 - (16 - 9)) + -1 + (-39 - 1)?
-41
Evaluate -475 - -463 - (-36 - (2 + -1)).
25
What is 1 - (5 - -4) - (-3 - (13 - -6))?
14
What is (48 - 73 - -27 - 37) + 131?
96
Evaluate (-48 - -7) + -212 + 300 - (1 - -10).
36
What is the value of (33 - 99) + -11 - 30?
-107
6 + -7 - (-4 + -4 + -8 - -17)
-2
What is -31 + (102 - (111 - -30))?
-70
What is the value of 15 - ((-19 - 3) + 62 + -3)?
-22
Evaluate -1 + 89 + -208 + 64.
-56
What is -3923 + 3933 - (0 + -1 + 23) - -63?
51
(1 - -18) + (3 - 15 - -52)
59
What is -66 + (60 - -17) + -32?
-21
What is 455 - 461 - (-22 - 1)?
17
What is the value of 6 + (-1 + 2 + 7 + -3 - 49)?
-38
What is 41 + -59 + 39 - -7?
28
25 + -11 - 6 - ((-1 - 2) + 97)
-86
What is the value of (-58 - -149) + 122 + -99?
114
What is the value of (-135 - -110) + -3 + (-7 - (-4 + 2))?
-33
What is the value of 16 + -3 + (31 -